value of 0 - -10 - (24 + -19) - 36 - (4 + 5)?
-40
Evaluate -46 + (91 - (14 - -74)).
-43
What is the value of 2 - -3 - (95 + (-3 + -10 - 5)) - 6?
-78
Calculate 20 + -28 + -26 - (-3 + -21).
-10
Calculate 2 - (26 - 14) - 55.
-65
What is 83 + -64 + (-78 + -4 - -4)?
-59
What is (-10 - 82) + 20 + 22 - -17?
-33
What is -3 - ((4 - -6 - (-47 - -43)) + -1 + 3)?
-19
Evaluate -9 - ((-3 - -16 - -13) + -20 + -1 + 39).
-53
(-2 + -1 - -1) + -6 + 221 + -180
33
Calculate -5 + -5 + -5 + (0 + 13 + -4 - 0).
-6
Evaluate 8 + (9 - 8 - (-9 - -1)) + 10 + -6.
21
What is -71 + (25 - (7 + -12))?
-41
What is the value of 34 + 109 + -113 - (26 + -4)?
8
What is the value of 3 + 11 + 17 + -39?
-8
Calculate -157 + 259 + -83 + (-2 - -2) + -8.
11
75 - (-2 + 62) - 57
-42
Calculate -1 + -1 + -16 + -643 + 616.
-45
(0 - 0) + 13 - (32 + 4 - 6 - 120)
103
What is the value of (42 - 19) + 50 + -103?
-30
12 + 10 - 8 - 13 - -37
38
Evaluate (-2 + -10 - (-18 + 1) - -6) + -72 + -6.
-67
Calculate (22 - -33) + (-13 - -19 - -14) + -14.
61
Evaluate -99 - (-17 + 2 + 4 + (2 - (-2 - 3))).
-95
Evaluate -2 + -8 + (-883 - -918).
25
Evaluate (-6 - -9) + (-7 - (24 - (-8 + 13))).
-23
What is (4 - 48) + 1 - (11 + (-11 - -5) + 1)?
-49
Calculate -1 - (-3 - 3 - -7 - -1 - 21).
18
What is (127 + 1 - 2) + (143 - 21) + -127?
121
Evaluate (-40 - (16 + 7)) + -8 + (-7 - -20).
-58
(6 + -29 + 20 - (-4 + 6)) + -1 + 67
61
107 + -1 - (-340 + 363)
83
What is the value of (-2 - (-2 + -2 + 8 - 1)) + 67 + -82?
-20
Calculate 10 + 1 + (38 - (-35 + 11)).
73
What is 12819 + -12812 - (1 + (-1 - -5))?
2
What is the value of 26 + -3 + -6 - 16 - (-3 + 20 + -1)?
-15
Evaluate -4 + (2 - 58) + (-15 + 11 + -19 - -12).
-71
Calculate 43 - (-16 + 33 + -50).
76
Calculate -24 + -816 + 839 + (-46 - -1).
-46
Evaluate -52 + 2 + -14 + 6 + (-25 + 2 - -20).
-61
What is the value of 1 - 3 - (-14 - (25 - 27))?
10
What is -64 + (182 - 175) + (2 - 8) + -4?
-67
What is 12 + -14 + (6 - 1) + (-59 - -6)?
-50
(-32 - 6) + (-38 - (3 - 36))
-43
Evaluate -1 - (-2 - -1 - (11 - 22) - 22).
11
Evaluate (1 - 1 - 138) + (-789 + 495 - -298).
-134
Evaluate 47 - (-23 + 62 + -22).
30
2 + 0 - (-12 + (-44 - -112))
-54
(-3867 - -3780) + 161 + 2
76
-2 - -5 - ((-12 - 8) + (85 - 83))
21
(-3 - (2 - (9 + -12 + -3))) + 5 + 3
-3
What is the value of (-5 - (-13 + -17)) + -3 + 10?
32
Evaluate (-336 - -358) + -4 + (-59 - -3).
-38
Calculate -303 + 265 - (-3 - 69) - -12.
46
What is the value of -127 - (116 + 129 + -262)?
-110
What is (-25 - -14) + 35 - (-5 + 14 - 5)?
20
What is 15 - ((-284 - -282) + (0 - 9))?
26
What is the value of -4 - (27 + 20 + -128)?
77
24 - (-33 + (52 - 39))
44
What is (15 + -18 - -1) + 31?
29
Evaluate 41 + (-9 + -8 + 26 - 2) + -6.
42
What is the value of 64 + -108 - 27 - -83?
12
What is the value of -29 + -12 - (9 - (0 - -8))?
-42
What is (22 + -15 - -37) + -132?
-88
Evaluate -12 - 0 - (18 - -1 - 19).
-12
Calculate (-3022 - -2977) + -3 + 123.
75
What is -54 - (-115 + 7) - 59?
-5
Evaluate 1399 + -1455 + (-2 - (2 - -7)).
-67
What is -2 + 45 + -425 + 445?
63
Calculate (1 + -2 - 0) + -3222 + 3239.
16
What is the value of (82 - -16) + -125 + 50?
23
What is 2 + (1 - 4) + 70 + (13 - (-1 + 10))?
73
What is (17 - -1 - (-130 - -121)) + -51?
-24
(53 - 31 - 36) + 27 - (6 - -39)
-32
Evaluate -2496 + 2491 - (-7 + -1).
3
Calculate 949 + -881 + (-15 - (0 + 3)).
50
What is 31 - (-86 - -103) - -95?
109
What is 2 + 1 + 8 - (-1 - -9 - (55 + -144))?
-86
What is the value of (129 - 116) + -6 + 81 + -20?
68
Evaluate (0 - 32) + 1 + (-152 + 137 - (-5 - 16)).
-25
What is -19 + 5 - -73 - (36 - 11)?
34
What is -18 - (30 - 12) - (-14 + 2 + -2)?
-22
What is (20 - (47 - (27 - 46))) + -11?
-57
What is the value of 6 + (-32 - -21) + (2 - -7) - (1 - -49)?
-46
Evaluate -2 + 13 + -3 + (6 - -12 - -37).
63
What is -68 + (-16 - -10) + (-7 - (-16 - -2)) + 5?
-62
Evaluate (147 - -2) + -3700 + 3622.
71
Evaluate 15 - (-2 + 38) - (0 + -11 - -19).
-29
Evaluate 17 + -25 + -26 + 27 - (0 - -9).
-16
What is the value of 12 + -75 + (-49 - (-83 + 57))?
-86
Calculate -23 - (-8 - ((4 - 4) + 7) - -7).
-15
Evaluate -6 - ((-108 - -43) + 27).
32
Calculate 129 + (-28 - -1 - (-21 - 3)).
126
What is the value of (25 - 2) + 111 + -58?
76
Evaluate (10 - -75 - -11) + -5 + 5 + -13.
83
10 + (-1 + -13 - 74) + (-2 + 3 - -1)
-76
Calculate (-5 - (9 - -21)) + 28 + -28 + 1.
-34
Calculate -84 + -1 + 0 + (42 + 249 - 310).
-104
What is -16 + -1 - -7 - ((-2 - -16 - 15) + -97)?
88
9126 + -9145 + -2 + -20
-41
What is the value of -68 + 2 + 50 + -1?
-17
Evaluate (-2 - (38 - 37)) + 1 + 18 - -1.
17
What is 11 + (21 - (76 - (-16 + -2) - 19))?
-43
Calculate (-11 - 20) + (-8 - 4 - (-6 + -5 - 3)).
-29
Calculate -1 + 1 + (-20 + (19 - (-112 - -16)) - 17).
78
What is the value of 35 + 0 + (-400 - -318)?
-47
Calculate (32 + -18 - (-9 + (7 - 4))) + (1 - 0).
21
What is the value of (-27 - -1) + 8 + (15 - 9)?
-12
What is the value of 30 + (-10 - (3 + -10)) + 3 + 5 + -7?
28
Evaluate 9 + (18 - (18 + -13 + 1)) + -60.
-39
What is (-1 - 15) + (-8 - (15 - 21) - -9)?
-9
-24 + (49 - 20) + -11 + 8 + 2 + -57
-53
What is -18 - 4 - (-52 + (-34 - 7))?
71
Calculate 99 + 2 - 2 - (-9130 + 9142).
87
What is 14 - (6 - -3 - (-10 + -46 + 5 + 18))?
-28
421 - 334 - (83 + -2)
6
Evaluate 61 + (76 - 172) - 97.
-132
(-15 - -47) + (9 - 3 - (26 + -16))
28
What is the value of -3 + 6 - -10 - (3144 - 3151)?
20
Evaluate 28 + -11 + (52 - 16) + -11.
42
Evaluate -39 + (-46 - -57 - -56).
28
What is 14 + (1 + 1 + -15 - (-598 + 659))?
-60
What is the value of -4 - (11 + (-3 - 9) - (24 + (6 - 4)))?
23
What is the value of -3 + -15 + 5 + -3 + -30?
-46
Evaluate 12 + -14 + 9 + (3 - (5 - 5)).
10
What is the value of 16 - (-2 + 15 + 7 + -2 - (80 + -77))?
1
What is 83 + -51 + -5 + (3 - 10 - (3 + -4))?
21
Evaluate (-17 - 1) + (-5 - 10) + 6.
-27
Calculate -49 + -18 - -20 - (-2 + 2).
-47
What is the value of (-11 - 8 - 0) + 7 + -12 + 67?
43
What is (-77 + -17 - -81) + -38?
-51
-15 + (40 - 9) - 35 - 61
-80
Evaluate -40 + (83 - 27) - (32 - -1 - (-3 - -3)).
-17
Calculate 77 - ((6 - (-7 + 4)) + (-80 - -67) + 15).
66
-52 + 17 + 7 + -38 + 1 + (2 - 3)
-66
What is the value of -49 + (95 + 33 - 54)?
25
50 - (55 + -74 + 22 - (10 + -2 + 4))
59
Calculate 5 + (-8 - 168 - -46) + (11 - (-1 + -2)).
-111
Evaluate -28 - (41 + -48) - 16.
-37
What is -17 - (-1 - 0 - (-11 - 0))?
-27
Evaluate 39 - (55 + -57 + -41).
82
Evaluate (-28 - (-11 - 6) - 44 - 13) + -8.
-76
What is -17 + (-11 - 0) + -13 + 2 + 15?
-24
Calculate 1 + 0 - (99 + -171 + 77).
-4
4 + (2 - (1 + -3)) + (3 - (-17 + -18))
46
What is the value of 13 - ((-1 - 17) + (-1164 - -1136))?
59
Calculate 21 - 34 - 1 - 5.
-19
-408 + 287 + -6 + (2 - -8)
-117
What is 55 - (2767 - 2770 - (-1 + 0 - -5) - -20)?
42
(-69 - (63 + -52)) + 8
-72
Calculate 33 + -2 + -15 - (-17 + 31).
2
Calculate 9 + -18 - -1 - ((4 + 53 - 0) + 14).
-79
Evaluate (-7 - (27 + -20 - 13) - (-9 + 1)) + -46.
-39
Evaluate -82 + (153 - (21 - -37)).
13
Calculate (6 - (62 + (1 - 13) - -4)) + 5.
-43
Evaluate (-74 - -188) + -59 - 129.
-74
(109 + -120 + (-2 - -13) - 8) + -3
-11
What is the value of 20 - ((6 - -30) + -7 - 1)?
-8
(-20 - (-16 - -21)) + 26
1
(4 - (123 + -55)) + -2
-66
Calculate 4 + (-125 - (-13 + (7 - (-24 + 11)))).
-128
((-13 - 1) + -12 - 2) + (-8 + -8 - -8)
-36
Evaluate 94 + -24 + 57 + -70.
57
Evaluate 27 - -30 - 97 - -122.
82
Calculate (5 + -9 - (-21 + (19 - 12))) + -62.
-52
Calculate 7 - (-9 + 0 + 1 + 55).
-40
Calculate (77 - (9 + 85)) + -17.
-34
Evaluate -183 + 162 + (44 - 2) + -52.
-31
What is the value of (-14 - 4) + -2 + (16 - -86 - -19)?
101
105 + (-14 - (14 - 11))
88
What is (-3 - (-4 - 0)) + -49 + 34 + -19 + 11?
-22
What is the value of -2 + 2 + 7 - (-15 + (18 - (-60 - -19)))?
-37
-2627 + 2662 + (-156 - 5)
-126
What is (-76 + 79 - (9 - 4) - 43) + 3 + 0?
-42
What is the value of 0 + 62 + (703 - 853)?
-88
-2 + 123 + 15 + 26 + -59 - 20
83
What is the value of (0 + 7 - 2) + (8 - (1 + -32 - -17))?
27
Calculate (170 - 183 - (-30 - -1) - -109) + 16.
141
What is (5 - (17 + -14 + 10 + -10)) + (71 - -15)?
88
38 + 31 + -166 + 114
17
(3 - 17) + (-27 + 24 - -57)
40
What is 2 + 28 + -40 - -51?
41
Calculate (23 - 8) + -26 - (2 - 10 - -9 - 4).
-8
What is the value of 106 - 0 - (353 + -273)?
26
Evaluate -47 - (4 + (-9 - 7) - (-82 + 76)).
-41
Evaluate 20 + (-3 - -11 - (-10 + 10 + 19 + -2)).
11
Evalu